. Let d = -11 + 15. Suppose -39 + u = -5*f - 4*s, -2*s - d = 0. List the prime factors of f.
2
Suppose 0*i + 3 = i. Let s = i + -1. Suppose -4*b + 31 = -r, 2*b + s*r = -2 + 20. List the prime factors of b.
2
Suppose 9*d - 4*d = -c - 15, 3*d = -c - 9. Suppose t + 5 - 8 = c. Suppose t*l = -0*l + 33. List the prime factors of l.
11
Suppose -2*i = 4*o + o - 58, 5*o - 24 = -i. Suppose -i = -4*n + 54. List the prime factors of n.
2, 11
Let b = 0 + 3. Suppose 45 = -b*l - 2*l. Let z(c) = -3*c - 8. List the prime factors of z(l).
19
Let b = 2 - -1. Suppose -4*q = -7*q - 6, -11 = -b*u - 2*q. List the prime factors of u.
5
Let v be (20/(-6))/((-2)/3). Suppose 0 = -u + v*u. Suppose u*o = m + 4*o - 24, 4*o = 3*m + 8. What are the prime factors of m?
2
Let l(y) = -y**3 + 5*y**2 - 1. Let g be l(5). Let r(f) = 4*f. Let z be r(g). Let w = z - -15. What are the prime factors of w?
11
Let b be 2/(-5) - 666/(-15). Suppose d - 9 = 2*o - 3*o, -4*d = -4*o + b. What are the prime factors of o?
2, 5
Let f(b) = 3*b**3 + 2*b**2 - 3*b + 5. Suppose -12 = 4*q + 4*g - 0*g, -29 = -2*q + 5*g. What are the prime factors of f(q)?
31
Let x(q) = q**2 - 7*q + 6. What are the prime factors of x(7)?
2, 3
Suppose 2*y + 3*b - 18 = 0, 2*y - 2*b + 16 = 44. What are the prime factors of y?
2, 3
Let u(r) = -r**2 - 11*r - 8. What are the prime factors of u(-7)?
2, 5
Suppose 2*d - 23 = -5. Let p(n) = -n**3 + 9*n**2 + n - 11. Let h be p(d). Let a = h - -9. List the prime factors of a.
7
Let u(r) = -11*r**3 + 17*r**2 - 7*r + 1. Let l(t) = -5*t**3 + 8*t**2 - 3*t + 1. Let g(j) = 9*l(j) - 4*u(j). List the prime factors of g(4).
3
Let t = -4 - 8. Let i = t - -1. Let x = i + 19. List the prime factors of x.
2
Let n = 30 + -6. What are the prime factors of n?
2, 3
Suppose 2 = -n, 5*n - 3 = -5*q + 7. Suppose 0 = -q*s + 6*s - 32. List the prime factors of s.
2
Let l be -2 + 2 + -2 + 2. Let b(r) = -r**2 + 14. What are the prime factors of b(l)?
2, 7
Suppose -u - 190 = -6*u. What are the prime factors of u?
2, 19
What are the prime factors of 16 + 3 + (0 - (-4 - -2))?
3, 7
Let h = -4 + 4. Let r be (1 - (-2)/(-4))*h. Suppose r*t + 4*t + 45 = 5*f, 2*t - 62 = -4*f. What are the prime factors of f?
13
Let m(v) be the second derivative of v**4/12 - v**3/2 - 2*v**2 - v. Let x be m(-3). What are the prime factors of 12/(-8) - x/(-4)?
2
Let r(m) = -m**2 + 2*m + 1. Let l be r(3). Let f be 1*l - -1 - 0. List the prime factors of (-1 - f - -12) + -2.
2, 5
Suppose 0 = 4*r + 4*f - 144, 0*f + 184 = 5*r + 4*f. List the prime factors of r.
2, 5
Suppose 7*l - 504 - 630 = 0. What are the prime factors of l?
2, 3
Suppose 3*f - 132 = -3*t, 5*f - 149 = f + 5*t. What are the prime factors of f?
41
Let b(k) = -k**2 - 7*k - 2. Let t be b(-8). Let l = 13 + t. List the prime factors of l.
3
Suppose -3*t + 5 = -7. Suppose -g = 2*j - 11, 5*g - t*j = 2*g + 23. List the prime factors of g.
3
Let h(m) = 42*m - 3. What are the prime factors of h(1)?
3, 13
Let y = -29 + 40. List the prime factors of y.
11
Let l(q) = -q**3 + 11*q**2 - 8*q + 13. What are the prime factors of l(10)?
3, 11
Let s(d) = 14*d**2 + 6*d - 4. What are the prime factors of s(2)?
2
Let n(d) = -17*d - 7. List the prime factors of n(-5).
2, 3, 13
Let w be -1 - 1 - (5 - 2). Let b = 7 + w. What are the prime factors of b?
2
Suppose 249 = 7*n - 66. What are the prime factors of n?
3, 5
Let l(z) = 2*z**2 + 9*z + 3. Let g be l(-7). Let h = g + -22. List the prime factors of h.
2
Let b(m) = -3*m - 4. Let i be b(4). Let n = 5 - i. List the prime factors of n.
3, 7
Let u be 2/5*(-2 + -18). Let a(i) = -i**3 - 7*i**2 + 8*i + 6. What are the prime factors of a(u)?
2, 3
Let w(o) = -o**2 - 12*o - 1. Let q be w(-8). Let m = 45 - q. List the prime factors of m.
2, 7
Let o(r) be the third derivative of -1/24*r**4 + 1/6*r**3 + 0*r + 0 - 2*r**2. What are the prime factors of o(-9)?
2, 5
Let l be (1 + 3)*(-1)/4. Let a(b) = 21*b**2 + b. What are the prime factors of a(l)?
2, 5
Let i = 6 - 3. Suppose 0 = 2*y - y - 11. Suppose -2*d - i = -y. List the prime factors of d.
2
Suppose 5*h + 11 = w + 28, 3*w + 11 = 5*h. Suppose n = -5*k - h - 16, -20 = -4*n + 5*k. Suppose n = d - 6*d + 50. What are the prime factors of d?
2, 5
Let n = -14 - -14. Suppose 2*m - 4*c - 50 = c, n = -4*m + 4*c + 76. List the prime factors of m.
3, 5
Suppose 337 = 4*n - 63. Suppose 0 = -3*v + 17 + n. List the prime factors of v.
3, 13
What are the prime factors of 57/1 - (12 - 16)?
61
Let g be 1*9*9/27. Suppose -f + r + 9 = 0, f - 3*r = 4*f + g. Suppose f*i + 2 = 54. What are the prime factors of i?
13
Let q(p) be the third derivative of -5*p**4/8 - p**3/3 + 6*p**2. What are the prime factors of q(-2)?
2, 7
Suppose -4*h - 2*q + 166 = 0, h - 31 = -0*h + 3*q. What are the prime factors of h?
2, 5
Let h be (-4)/(0 - 4) + 3. Suppose 0*f = -3*q + 3*f + 81, -h*q = -3*f - 111. What are the prime factors of q?
2, 3, 5
List the prime factors of (1266/10)/3 + (-18)/90.
2, 3, 7
List the prime factors of ((-11)/(-2))/((-2)/(-40)).
2, 5, 11
Suppose 9 = -3*g - 3*o, 2*g + 2*o = -3*g - 24. Let p be ((-9)/6)/(g/(-16)). Let a(u) = u**2 - 5. What are the prime factors of a(p)?
11
Suppose -5*i + 0*i = -30. Let h(j) = 6*j - 3 + 2*j**2 - 3*j + i*j - 3*j**2. List the prime factors of h(6).
3, 5
Suppose -z - 175 = -d, -4*z - 22 = -6. List the prime factors of d.
3, 19
Let q(w) = -w**3 - 2 + 5*w - w**2 - w**3 + 5*w**2 + w**3. What are the prime factors of q(4)?
2, 3
Suppose 5 = p, 3*s = -2*s - p + 655. List the prime factors of s.
2, 5, 13
Let s(w) = 2*w**2 - w + 3. Let y be s(3). Let j be 12*4/(-1 - -13). Let d = y - j. What are the prime factors of d?
2, 7
Suppose 0 = 3*f - 4*d - 137, -115 - 18 = -3*f + 2*d. Let l = f + -20. What are the prime factors of l?
23
Let a = 218 - 130. What are the prime factors of a?
2, 11
Let s be (4 - 0) + (-1 - -19). Suppose -2*g - 2*z = -s - 6, -z + 24 = 2*g. List the prime factors of g.
2, 5
Suppose 0*g + 3*g = 54. List the prime factors of g.
2, 3
Suppose 0 = -2*q - 2*q + 12, 3*v - 15 = -2*q. Let k(w) = 4*w. What are the prime factors of k(v)?
2, 3
Let l = 141 + 6. What are the prime factors of l?
3, 7
Suppose 18 = -2*w - 22. Let l = 32 + w. List the prime factors of l.
2, 3
Suppose -52 = -4*k - 3*m + 31, 103 = 5*k + 4*m. Let x be 64/10*5/1. Let y = x - k. List the prime factors of y.
3
Suppose c = -3 + 4. Suppose c = -s - 3. What are the prime factors of 15*(-1 - (2 + s))?
3, 5
Suppose r + 4*u + 112 = -3*r, -5*u - 25 = 0. Suppose 2*j = 40 + 26. Let h = r + j. What are the prime factors of h?
2, 5
Let z be (-2 + -106)*(-12)/18. Suppose 3*w - m - 30 = z, -2*w - 4*m = -68. List the prime factors of w.
2, 17
Suppose -4*c - c - 20 = 0. Let z = 7 + c. Suppose 0 = -k, -z*k + 6 = 3*j + 2*k. List the prime factors of j.
2
Let x be -1 - ((-6)/2 + -1). What are the prime factors of (-3 + -2)/(x/(-33))?
5, 11
Let n(j) = -2*j**2 - 4*j**2 + 5 + 5*j**2. Let k be n(0). Suppose -m = k*u - 3 + 1, 4*m + 3*u - 42 = 0. List the prime factors of m.
2, 3
List the prime factors of 140 - (3/(-6))/(1/2).
3, 47
Let u = -9 + 6. What are the prime factors of 0 - (u + 0 + -20)?
23
Let d = -15 - -27. List the prime factors of d.
2, 3
Suppose -6 = 3*n - 0*n. Let x be (-50)/(-15) + n/(-3). Suppose -32 = -g + 4*k, 0*g - 5*g + x*k = -96. What are the prime factors of g?
2
Let n(t) = 4*t - 13. Let v = -13 - -22. Let j be n(v). Suppose 0*q = 5*q - 5*p - 35, j = 4*q - 3*p. What are the prime factors of q?
2
Suppose 15*c + 794 - 2279 = 0. List the prime factors of c.
3, 11
Suppose 0 = -4*v - 4*o + 119 + 81, 5*o = -2*v + 115. List the prime factors of v.
3, 5
Let q(s) = -s**3 + 16*s**2 - 14*s - 7. Let u be q(15). Suppose -3*n - 75 = -u*n. List the prime factors of n.
3, 5
Suppose -3*g + 51 = -0*g. What are the prime factors of g?
17
Let b = 4 - -1. Suppose -3*l = 12, 0 = b*w - l - 3*l - 66. List the prime factors of w.
2, 5
Let m(r) be the first derivative of r**2 + 2. What are the prime factors of m(7)?
2, 7
Let i(x) = x**3 - 10*x**2 + 8*x + 5. Let c be i(9). List the prime factors of 0/(c + 2) - -6.
2, 3
Suppose -4*o + 28 = 5*x, -5 - 2 = -o + 3*x. Let n(d) = -d**2 + 9*d - 7. What are the prime factors of n(o)?
7
Let f = 22 + 11. Suppose 4*q - f = 19. What are the prime factors of q?
13
Let z = -30 - -68. What are the prime factors of z?
